{"id":1382,"date":"2016-08-04T11:15:19","date_gmt":"2016-08-04T11:15:19","guid":{"rendered":"https:\/\/hopeandhealth.md\/our-stores\/"},"modified":"2023-04-30T07:24:57","modified_gmt":"2023-04-30T07:24:57","slug":"our-stores","status":"publish","type":"page","link":"https:\/\/hopeandhealth.md\/ro\/our-stores\/","title":{"rendered":"Our history"},"content":{"rendered":"\n  <div class=\"banner has-hover has-parallax\" id=\"banner-1175962537\">\n          <div class=\"banner-inner fill\">\n        <div class=\"banner-bg fill\" data-parallax=\"-2\" data-parallax-container=\".banner\" data-parallax-background>\n            <div class=\"bg fill bg-fill \"><\/div>\n                        <div class=\"overlay\"><\/div>            \n                    <\/div><!-- bg-layers -->\n        <div class=\"banner-layers container\">\n            <div class=\"fill banner-link\"><\/div>            \n   <div id=\"text-box-100435815\" class=\"text-box banner-layer x50 md-x50 lg-x50 y50 md-y50 lg-y50 res-text\">\n                                <div class=\"text dark\">\n              \n              <div class=\"text-inner text-center\">\n                  \n<h3 class=\"uppercase\"><strong>Istoria noastra <\/strong><\/h3>\n<div class=\"is-divider divider clearfix\" ><\/div><!-- .divider -->\n<div class=\"social-icons share-icons share-row relative icon-style-outline \" ><a href=\"whatsapp:\/\/send?text=Our%20history - https:\/\/hopeandhealth.md\/ro\/our-stores\/\" data-action=\"share\/whatsapp\/share\" class=\"icon button circle is-outline tooltip whatsapp show-for-medium\" title=\"Share on WhatsApp\"><i class=\"icon-phone\"><\/i><\/a><a href=\"\/\/www.facebook.com\/sharer.php?u=https:\/\/hopeandhealth.md\/ro\/our-stores\/\" data-label=\"Facebook\" onclick=\"window.open(this.href,this.title,'width=500,height=500,top=300px,left=300px');  return false;\" rel=\"noopener noreferrer nofollow\" target=\"_blank\" class=\"icon button circle is-outline tooltip facebook\" title=\"Share on Facebook\"><i class=\"icon-facebook\" ><\/i><\/a><a href=\"\/\/twitter.com\/share?url=https:\/\/hopeandhealth.md\/ro\/our-stores\/\" onclick=\"window.open(this.href,this.title,'width=500,height=500,top=300px,left=300px');  return false;\" rel=\"noopener noreferrer nofollow\" target=\"_blank\" class=\"icon button circle is-outline tooltip twitter\" title=\"Share on Twitter\"><i class=\"icon-twitter\" ><\/i><\/a><a href=\"mailto:enteryour@addresshere.com?subject=Our%20history&amp;body=Check%20this%20out:%20https:\/\/hopeandhealth.md\/ro\/our-stores\/\" rel=\"nofollow\" class=\"icon button circle is-outline tooltip email\" title=\"Email to a Friend\"><i class=\"icon-envelop\" ><\/i><\/a><a href=\"\/\/pinterest.com\/pin\/create\/button\/?url=https:\/\/hopeandhealth.md\/ro\/our-stores\/&amp;media=https:\/\/hopeandhealth.md\/wp-content\/uploads\/2016\/08\/dummy-1.jpg&amp;description=Our%20history\" onclick=\"window.open(this.href,this.title,'width=500,height=500,top=300px,left=300px');  return false;\" rel=\"noopener noreferrer nofollow\" target=\"_blank\" class=\"icon button circle is-outline tooltip pinterest\" title=\"Pin on Pinterest\"><i class=\"icon-pinterest\" ><\/i><\/a><a href=\"\/\/plus.google.com\/share?url=https:\/\/hopeandhealth.md\/ro\/our-stores\/\" target=\"_blank\" class=\"icon button circle is-outline tooltip google-plus\" onclick=\"window.open(this.href,this.title,'width=500,height=500,top=300px,left=300px');  return false;\" rel=\"noopener noreferrer nofollow\" title=\"Share on Google+\"><i class=\"icon-google-plus\" ><\/i><\/a><a href=\"\/\/www.linkedin.com\/shareArticle?mini=true&url=https:\/\/hopeandhealth.md\/ro\/our-stores\/&title=Our%20history\" onclick=\"window.open(this.href,this.title,'width=500,height=500,top=300px,left=300px');  return false;\"  rel=\"noopener noreferrer nofollow\" target=\"_blank\" class=\"icon button circle is-outline tooltip linkedin\" title=\"Share on LinkedIn\"><i class=\"icon-linkedin\" ><\/i><\/a><\/div>\n              <\/div>\n           <\/div><!-- text-box-inner -->\n                            \n<style scope=\"scope\">\n\n#text-box-100435815 {\n  width: 60%;\n}\n#text-box-100435815 .text {\n  font-size: 100%;\n}\n\n\n@media (min-width:550px) {\n\n  #text-box-100435815 {\n    width: 68%;\n  }\n\n}\n<\/style>\n    <\/div><!-- text-box -->\n \n        <\/div><!-- .banner-layers -->\n      <\/div><!-- .banner-inner -->\n\n            \n<style scope=\"scope\">\n\n#banner-1175962537 {\n  padding-top: 200px;\n}\n#banner-1175962537 .bg.bg-loaded {\n  background-image: url(https:\/\/hopeandhealth.md\/wp-content\/uploads\/2023\/03\/fon-serdechki-1400x298.jpg);\n}\n#banner-1175962537 .overlay {\n  background-color: rgba(0, 0, 0, 0.2);\n}\n<\/style>\n  <\/div><!-- .banner -->\n\n\n<div class=\"row\"  id=\"row-2060381854\">\n<div class=\"col small-12 large-12\"  ><div class=\"col-inner\"  >\n<p>Organiza\u021bia ob\u0219teasc\u0103 <strong>\u201eSperan\u021ba \u0219i Sanatate\u201d<\/strong> exist\u0103 din 14 octombrie 2001 \u0219i a fost creat\u0103 la ini\u021biativa unui grup de p\u0103rin\u021bi care au \u00een familie un copil cu dizabilit\u0103\u021bi mintale \u0219i mintale. Asocia\u021bia este \u00eenregistrat\u0103 de Ministerul Justi\u021biei din 01 noiembrie 2001 sub num\u0103rul 1997.<\/p>\n\n  <div class=\"banner has-hover\" id=\"banner-673552497\">\n          <div class=\"banner-inner fill\">\n        <div class=\"banner-bg fill\" >\n            <div class=\"bg fill bg-fill \"><\/div>\n                                    \n                    <\/div><!-- bg-layers -->\n        <div class=\"banner-layers container\">\n            <div class=\"fill banner-link\"><\/div>            \n        <\/div><!-- .banner-layers -->\n      <\/div><!-- .banner-inner -->\n\n            \n<style scope=\"scope\">\n\n#banner-673552497 {\n  padding-top: 500px;\n}\n#banner-673552497 .bg.bg-loaded {\n  background-image: url(https:\/\/hopeandhealth.md\/wp-content\/uploads\/2023\/03\/20221017_131330-1067x800.jpg);\n}\n<\/style>\n  <\/div><!-- .banner -->\n\n\n<p>Principala problem\u0103 a adul\u021bilor (dup\u0103 16 ani) cu dizabilit\u0103\u021bi mintale \u0219i psihice este c\u0103, din cauza bolii lor, nu \u00ee\u0219i pot g\u0103si un loc \u00een societate. Dup\u0103 absolvirea \u0219colilor speciale \u0219i a internatului, tinerii cu dizabilit\u0103\u021bi mintale \u0219i mintale nu \u00ee\u0219i pot g\u0103si un loc de munc\u0103, deoarece pe de o parte, nu sunt angaja\u021bi \u00een formare profesional\u0103, pe de alt\u0103 parte, legea existent\u0103 privind angajarea persoanelor cu dizabilit\u0103\u021bi nu este aplicat\u0103. Drept urmare, ace\u0219ti oameni se dovedesc a fi oameni nerevendica\u021bi, care nu au nevoie de societate. Nu au posibilitatea material\u0103 s\u0103 m\u0103n\u00e2nce normal, s\u0103 se \u00eembrace, s\u0103 pl\u0103teasc\u0103 facturile la utilit\u0103\u021bi, s\u0103 cumpere medicamente etc. Drept urmare, sunt arunca\u021bi \u00een strad\u0103.<\/p>\n\n  <div class=\"banner has-hover\" id=\"banner-804657422\">\n          <div class=\"banner-inner fill\">\n        <div class=\"banner-bg fill\" >\n            <div class=\"bg fill bg-fill \"><\/div>\n                                    \n                    <\/div><!-- bg-layers -->\n        <div class=\"banner-layers container\">\n            <div class=\"fill banner-link\"><\/div>            \n        <\/div><!-- .banner-layers -->\n      <\/div><!-- .banner-inner -->\n\n            \n<style scope=\"scope\">\n\n#banner-804657422 {\n  padding-top: 500px;\n}\n#banner-804657422 .bg.bg-loaded {\n  background-image: url(https:\/\/hopeandhealth.md\/wp-content\/uploads\/2023\/03\/02-3.jpg);\n}\n<\/style>\n  <\/div><!-- .banner -->\n\n\n<p>\u201eSperan\u021ba \u0219i Sanatate\u201d este prima \u0219i singura organiza\u021bie de tip ne\u00eenchis din Republica Moldova, care este angajat\u0103 \u00een adaptarea social\u0103 \u00een societatea adul\u021bilor cu dizabilit\u0103\u021bi mintale \u0219i mintale. Ne-am stabilit sarcina de a le preda profesia \u0219i apoi de a le angaja.<\/p>\n<p>Activitate \u201eSperan\u021ba \u0219i Sanatate\u201d &#8211; un serviciu social pentru persoanele cu dizabilit\u0103\u021bi &#8211; persoane cu dizabilit\u0103\u021bi mintale \u0219i mintale, cea mai s\u0103rac\u0103 \u0219i mai vulnerabil\u0103 parte a societ\u0103\u021bii &#8211; se desf\u0103\u0219oar\u0103 pe baz\u0103 de caritate.<\/p>\n<\/div><\/div>\n<\/div>\n","protected":false},"excerpt":{"rendered":"","protected":false},"author":1,"featured_media":894,"parent":0,"menu_order":0,"comment_status":"closed","ping_status":"closed","template":"page-blank.php","meta":{"jetpack_post_was_ever_published":false,"footnotes":""},"class_list":["post-1382","page","type-page","status-publish","has-post-thumbnail","hentry"],"jetpack_sharing_enabled":true,"_links":{"self":[{"href":"https:\/\/hopeandhealth.md\/ro\/wp-json\/wp\/v2\/pages\/1382","targetHints":{"allow":["GET"]}}],"collection":[{"href":"https:\/\/hopeandhealth.md\/ro\/wp-json\/wp\/v2\/pages"}],"about":[{"href":"https:\/\/hopeandhealth.md\/ro\/wp-json\/wp\/v2\/types\/page"}],"author":[{"embeddable":true,"href":"https:\/\/hopeandhealth.md\/ro\/wp-json\/wp\/v2\/users\/1"}],"replies":[{"embeddable":true,"href":"https:\/\/hopeandhealth.md\/ro\/wp-json\/wp\/v2\/comments?post=1382"}],"version-history":[{"count":2,"href":"https:\/\/hopeandhealth.md\/ro\/wp-json\/wp\/v2\/pages\/1382\/revisions"}],"predecessor-version":[{"id":1447,"href":"https:\/\/hopeandhealth.md\/ro\/wp-json\/wp\/v2\/pages\/1382\/revisions\/1447"}],"wp:featuredmedia":[{"embeddable":true,"href":"https:\/\/hopeandhealth.md\/ro\/wp-json\/wp\/v2\/media\/894"}],"wp:attachment":[{"href":"https:\/\/hopeandhealth.md\/ro\/wp-json\/wp\/v2\/media?parent=1382"}],"curies":[{"name":"wp","href":"https:\/\/api.w.org\/{rel}","templated":true}]}}

<div class="banner has-hover has-parallax" id="banner-1175962537">
          <div class="banner-inner fill">
        <div class="banner-bg fill" data-parallax="-2" data-parallax-container=".banner" data-parallax-background>
            <div class="bg fill bg-fill "></div>
                        <div class="overlay"></div>            
                    </div><!-- bg-layers -->
        <div class="banner-layers container">
            <div class="fill banner-link"></div>            
   <div id="text-box-100435815" class="text-box banner-layer x50 md-x50 lg-x50 y50 md-y50 lg-y50 res-text">
                                <div class="text dark">
              
              <div class="text-inner text-center">
                  
<h3 class="uppercase"><strong>Istoria noastra </strong></h3>
<div class="is-divider divider clearfix" ></div><!-- .divider -->
<div class="social-icons share-icons share-row relative icon-style-outline " ><a href="whatsapp://send?text=Our%20history - https://hopeandhealth.md/ro/our-stores/" data-action="share/whatsapp/share" class="icon button circle is-outline tooltip whatsapp show-for-medium" title="Share on WhatsApp"><i class="icon-phone"></i></a><a href="//www.facebook.com/sharer.php?u=https://hopeandhealth.md/ro/our-stores/" data-label="Facebook" onclick="window.open(this.href,this.title,'width=500,height=500,top=300px,left=300px');  return false;" rel="noopener noreferrer nofollow" target="_blank" class="icon button circle is-outline tooltip facebook" title="Share on Facebook"><i class="icon-facebook" ></i></a><a href="//twitter.com/share?url=https://hopeandhealth.md/ro/our-stores/" onclick="window.open(this.href,this.title,'width=500,height=500,top=300px,left=300px');  return false;" rel="noopener noreferrer nofollow" target="_blank" class="icon button circle is-outline tooltip twitter" title="Share on Twitter"><i class="icon-twitter" ></i></a><a href="mailto:enteryour@addresshere.com?subject=Our%20history&amp;body=Check%20this%20out:%20https://hopeandhealth.md/ro/our-stores/" rel="nofollow" class="icon button circle is-outline tooltip email" title="Email to a Friend"><i class="icon-envelop" ></i></a><a href="//pinterest.com/pin/create/button/?url=https://hopeandhealth.md/ro/our-stores/&amp;media=https://hopeandhealth.md/wp-content/uploads/2016/08/dummy-1.jpg&amp;description=Our%20history" onclick="window.open(this.href,this.title,'width=500,height=500,top=300px,left=300px');  return false;" rel="noopener noreferrer nofollow" target="_blank" class="icon button circle is-outline tooltip pinterest" title="Pin on Pinterest"><i class="icon-pinterest" ></i></a><a href="//plus.google.com/share?url=https://hopeandhealth.md/ro/our-stores/" target="_blank" class="icon button circle is-outline tooltip google-plus" onclick="window.open(this.href,this.title,'width=500,height=500,top=300px,left=300px');  return false;" rel="noopener noreferrer nofollow" title="Share on Google+"><i class="icon-google-plus" ></i></a><a href="//www.linkedin.com/shareArticle?mini=true&url=https://hopeandhealth.md/ro/our-stores/&title=Our%20history" onclick="window.open(this.href,this.title,'width=500,height=500,top=300px,left=300px');  return false;"  rel="noopener noreferrer nofollow" target="_blank" class="icon button circle is-outline tooltip linkedin" title="Share on LinkedIn"><i class="icon-linkedin" ></i></a></div>
              </div>
           </div><!-- text-box-inner -->
                            
<style scope="scope">

#text-box-100435815 {
  width: 60%;
}
#text-box-100435815 .text {
  font-size: 100%;
}


@media (min-width:550px) {

  #text-box-100435815 {
    width: 68%;
  }

}
</style>
    </div><!-- text-box -->
 
        </div><!-- .banner-layers -->
      </div><!-- .banner-inner -->

            
<style scope="scope">

#banner-1175962537 {
  padding-top: 200px;
}
#banner-1175962537 .bg.bg-loaded {
  background-image: url(https://hopeandhealth.md/wp-content/uploads/2023/03/fon-serdechki-1400x298.jpg);
}
#banner-1175962537 .overlay {
  background-color: rgba(0, 0, 0, 0.2);
}
</style>
  </div><!-- .banner -->


<div class="row"  id="row-2060381854">
<div class="col small-12 large-12"  ><div class="col-inner"  >
<p>Organizația obștească <strong>„Speranța și Sanatate”</strong> există din 14 octombrie 2001 și a fost creată la inițiativa unui grup de părinți care au în familie un copil cu dizabilități mintale și mintale. Asociația este înregistrată de Ministerul Justiției din 01 noiembrie 2001 sub numărul 1997.</p>

  <div class="banner has-hover" id="banner-673552497">
          <div class="banner-inner fill">
        <div class="banner-bg fill" >
            <div class="bg fill bg-fill "></div>
                                    
                    </div><!-- bg-layers -->
        <div class="banner-layers container">
            <div class="fill banner-link"></div>            
        </div><!-- .banner-layers -->
      </div><!-- .banner-inner -->

            
<style scope="scope">

#banner-673552497 {
  padding-top: 500px;
}
#banner-673552497 .bg.bg-loaded {
  background-image: url(https://hopeandhealth.md/wp-content/uploads/2023/03/20221017_131330-1067x800.jpg);
}
</style>
  </div><!-- .banner -->


<p>Principala problemă a adulților (după 16 ani) cu dizabilități mintale și psihice este că, din cauza bolii lor, nu își pot găsi un loc în societate. După absolvirea școlilor speciale și a internatului, tinerii cu dizabilități mintale și mintale nu își pot găsi un loc de muncă, deoarece pe de o parte, nu sunt angajați în formare profesională, pe de altă parte, legea existentă privind angajarea persoanelor cu dizabilități nu este aplicată. Drept urmare, acești oameni se dovedesc a fi oameni nerevendicați, care nu au nevoie de societate. Nu au posibilitatea materială să mănânce normal, să se îmbrace, să plătească facturile la utilități, să cumpere medicamente etc. Drept urmare, sunt aruncați în stradă.</p>

  <div class="banner has-hover" id="banner-804657422">
          <div class="banner-inner fill">
        <div class="banner-bg fill" >
            <div class="bg fill bg-fill "></div>
                                    
                    </div><!-- bg-layers -->
        <div class="banner-layers container">
            <div class="fill banner-link"></div>            
        </div><!-- .banner-layers -->
      </div><!-- .banner-inner -->

            
<style scope="scope">

#banner-804657422 {
  padding-top: 500px;
}
#banner-804657422 .bg.bg-loaded {
  background-image: url(https://hopeandhealth.md/wp-content/uploads/2023/03/02-3.jpg);
}
</style>
  </div><!-- .banner -->


<p>„Speranța și Sanatate” este prima și singura organizație de tip neînchis din Republica Moldova, care este angajată în adaptarea socială în societatea adulților cu dizabilități mintale și mintale. Ne-am stabilit sarcina de a le preda profesia și apoi de a le angaja.</p>
<p>Activitate „Speranța și Sanatate” &#8211; un serviciu social pentru persoanele cu dizabilități &#8211; persoane cu dizabilități mintale și mintale, cea mai săracă și mai vulnerabilă parte a societății &#8211; se desfășoară pe bază de caritate.</p>
</div></div>
</div>
